composite?
True
Is 769524991 a prime number?
True
Is 23451789511 a composite number?
True
Is 2701564973 a prime number?
False
Is 1413568139 prime?
False
Is 6759861239 composite?
False
Is 595268137 composite?
False
Is 13531371467 composite?
True
Is 5263929311 a prime number?
True
Is 516939455 prime?
False
Is 81445273729 a composite number?
True
Is 15957733157 a prime number?
False
Is 285995009 a prime number?
False
Is 327335753 prime?
True
Is 49258138337 prime?
True
Is 13232570329 a composite number?
True
Is 3746187719 a prime number?
True
Is 7641719191 prime?
False
Is 22016167963 composite?
True
Is 2534432171 a composite number?
True
Is 4946519607 prime?
False
Is 6744429389 a prime number?
True
Is 263548100011 prime?
False
Is 713479733 composite?
False
Is 165690649 composite?
True
Is 144288899 a prime number?
False
Is 4767867173 a prime number?
True
Is 1819215899 a composite number?
False
Is 9829492411 prime?
False
Is 14947491803 composite?
True
Is 1293399347 prime?
True
Is 992306377 prime?
True
Is 2411438833 a composite number?
True
Is 477452303 a composite number?
False
Is 7121803597 prime?
False
Is 74574565561 prime?
False
Is 11484499841 a prime number?
True
Is 9939120969 a composite number?
True
Is 6785421317 a composite number?
True
Is 1097284757 prime?
True
Is 673975207 composite?
False
Is 75440631841 a prime number?
True
Is 191673491 composite?
False
Is 85041864223 composite?
True
Is 86170619 a composite number?
False
Is 1033284479 a composite number?
True
Is 348062369 a composite number?
True
Is 641197861 a prime number?
True
Is 16143425501 a composite number?
True
Is 31343428967 composite?
False
Is 6979179469 a composite number?
True
Is 90478932883 a composite number?
False
Is 21294967259 composite?
True
Is 5056509439 composite?
False
Is 147495311 a composite number?
False
Is 4679965083 prime?
False
Is 25940770247 prime?
False
Is 31614026359 composite?
False
Is 1822135069 a prime number?
True
Is 3077196407 prime?
True
Is 25428811 a composite number?
False
Is 19533434791 a composite number?
True
Is 709086811 a composite number?
True
Is 2290038809 prime?
True
Is 2893222295 composite?
True
Is 961664801 composite?
True
Is 74375267 a composite number?
False
Is 2167497877 a composite number?
False
Is 14380416491 prime?
False
Is 2817723203 a prime number?
True
Is 22177376981 a prime number?
True
Is 93063371 a composite number?
False
Is 231378739 a prime number?
False
Is 6161545277 prime?
True
Is 44547901777 a composite number?
False
Is 144943871 composite?
False
Is 81938063 a composite number?
False
Is 2142258091 a composite number?
True
Is 4525485199 prime?
True
Is 318668110151 composite?
True
Is 2125552267 prime?
True
Is 979599407 composite?
False
Is 7715627233 composite?
False
Is 283721617 a composite number?
True
Is 155629181 a composite number?
False
Is 14757532081 a composite number?
False
Is 293775577 a prime number?
True
Is 7876972223 a composite number?
False
Is 71931006307 a composite number?
False
Is 364837927 a composite number?
False
Is 4778580773 a prime number?
True
Is 1053266129 a prime number?
False
Is 4792537657 composite?
False
Is 1966046999 a prime number?
False
Is 1352315495 composite?
True
Is 11497183897 prime?
True
Is 394253303 composite?
False
Is 83310581 a prime number?
False
Is 32298728545 prime?
False
Is 4203524623 a composite number?
False
Is 4139585033 prime?
False
Is 30358137574 prime?
False
Is 1282360687 prime?
False
Is 367985337 a prime number?
False
Is 14030489 a prime number?
False
Is 13404888967 a prime number?
True
Is 63070240007 a prime number?
True
Is 58278653 prime?
False
Is 310190549 a prime number?
False
Is 90039031919 composite?
True
Is 3507164779 composite?
True
Is 4594691221 composite?
False
Is 128714974009 composite?
True
Is 14900656841 composite?
True
Is 1461025333 prime?
True
Is 31035230861 a composite number?
False
Is 10083935291 a prime number?
False
Is 55175421737 a prime number?
False
Is 76019917 a composite number?
True
Is 143183251 prime?
True
Is 3210051451 a composite number?
True
Is 71078489 prime?
True
Is 2766958483 a composite number?
False
Is 18847355 composite?
True
Is 65683381 prime?
False
Is 26369811805 prime?
False
Is 1588717049 prime?
False
Is 4864649 a composite number?
True
Is 55922268199 composite?
True
Is 53268384423 composite?
True
Is 41201992631 prime?
True
Is 50923479781 a composite number?
False
Is 1352361545 prime?
False
Is 48401447 prime?
False
Is 731386619 a prime number?
True
Is 10470532343 prime?
True
Is 1246792889 composite?
True
Is 5710428623 prime?
True
Is 5614549847 prime?
False
Is 25266072233 prime?
True
Is 10824037561 prime?
True
Is 6985393337 a prime number?
False
Is 25803959257 prime?
True
Is 3026894747 a prime number?
True
Is 333435397 composite?
False
Is 22936597601 a composite number?
False
Is 33516775547 prime?
False
Is 95489058359 prime?
True
Is 869874281 prime?
True
Is 33120280537 a composite number?
True
Is 52234681207 composite?
False
Is 444497857 prime?
True
Is 563461949 a prime number?
True
Is 104778983 composite?
True
Is 856880803 a prime number?
True
Is 113570954591 a composite number?
True
Is 825338123 a composite number?
False
Is 178299103 a prime number?
True
Is 3997101539 a prime number?
True
Is 19863721565 a prime number?
False
Is 7639703509 composite?
False
Is 18013598461 a composite number?
True
Is 558664699 a prime number?
False
Is 2741578099 composite?
True
Is 4178563859 a prime number?
True
Is 6276475563 a composite number?
True
Is 6263836849 prime?
True
Is 3884564837 a composite number?
False
Is 61206267323 a composite number?
False
Is 2687920849 a composite number?
False
Is 2718553 composite?
False
Is 22931177483 a prime number?
True
Is 54791717 composite?
False
Is 382118909 composite?
True
Is 13356266017 a prime number?
True
Is 1586861359 a prime number?
True
Is 589441313 composite?
True
Is 221123141 prime?
False
Is 15495889499 prime?
True
Is 287863687 a composite number?
False
Is 7065165727 composite?
True
Is 21784788843 composite?
True
Is 51301303069 composite?
False
Is 205841495 prime?
False
Is 23662158697 composite?
False
Is 76295179097 composite?
True
Is 3607976299 a composite number?
False
Is 128531096717 a composite number?
False
Is 1002226409 a prime number?
True
Is 652973317 prime?
True
Is 604392809 prime?
True
Is 764855311 a composite number?
True
Is 3733482781 prime?
False
Is 20492219519 composite?
False
Is 69900128465 prime?
False
Is 2049069097 composite?
False
Is 202201297 a composite number?
False
Is 106937609 prime?
False
Is 200430965335 composite?
True
Is 6343262251 prime?
False
Is 313409407 a composite number?
True
Is 20902830313 a composite number?
False
Is 107912571853 a prime number?
True
Is 27072710111 prime?
True
Is 10900061819 a composite number?
True
Is 90873055247 composite?
True
Is 211112248393 a composite number?
False
Is 749144401 a composite number?
False
Is 57986933 a composite number?
True
Is 5062040983 a prime number?
True
Is 1232539783 a composite number?
False
Is 285977957 a prime number?
True
Is 1950085619 a prime number?
True
Is 1553273329 prime?
False
Is 37418488927 a prime number?
True
Is 2766266747 a composite number?
False
Is 15267495671 prime?
True
Is 11302313611 composite?
False
Is 610850029 prime?
True
Is 346930046 a prime number?
False
Is 48020935 composite?
True
Is 291538517 a prime number?
True
Is 17978212217 a prime number?
False
Is 49344613 a composite number?
True
Is 14645781767 a prime number?
False
Is 2091367997 a composite number?
True
Is 1357916197 composite?
True
Is 54915409 a composite number?
False
Is 32056161131 composite?
True
Is 16084157827 a composite number?
True
Is 801055697 a prime number?
False
Is 21531734299 a composite number?
True
Is 127136446 a composite number?
True
Is 93407399 prime?
True
Is 17644356839 a composite number?
False
Is 26137961 prime?
False
Is 38292686827 composite?
True
Is 2405675543 composite?
True
Is 105297571 composite?
True
Is 203405382291 a prime number?
False
Is 142772551 a prime number?
False
Is 435257363 a composite number?
False
Is 166657321007 a composite number?
True
Is 125677634677 a prime number?
False
Is 93905653 prime?
True
Is 21713639863 a composite number?
False
Is 486402838 a prime number?
False
Is 589005617 a composite number?
T